{"id":909,"date":"2023-12-27T21:10:07","date_gmt":"2023-12-28T02:10:07","guid":{"rendered":"http:\/\/172.26.3.13\/?page_id=909"},"modified":"2023-12-27T21:10:58","modified_gmt":"2023-12-28T02:10:58","slug":"ajuste-al-consumo","status":"publish","type":"page","link":"https:\/\/www.efigas.com.co\/ajuste-al-consumo\/","title":{"rendered":"Ajuste al consumo"},"content":{"rendered":"\t\t<div data-elementor-type=\"efi-page\" data-elementor-id=\"909\" class=\"elementor elementor-909\" data-elementor-settings=\"{&quot;ha_cmc_init_switcher&quot;:&quot;no&quot;}\" data-elementor-post-type=\"page\">\n\t\t\t\t<div class=\"elementor-element elementor-element-c02b125 e-flex e-con-boxed e-con e-parent\" data-id=\"c02b125\" data-element_type=\"container\" data-settings=\"{&quot;_ha_eqh_enable&quot;:false}\">\n\t\t\t\t\t<div class=\"e-con-inner\">\n\t\t\t\t<div class=\"elementor-element elementor-element-384cd0e elementor-widget elementor-widget-text-editor\" data-id=\"384cd0e\" data-element_type=\"widget\" data-widget_type=\"text-editor.default\">\n\t\t\t\t<div class=\"elementor-widget-container\">\n\t\t\t\t\t\t\t\t\t<h2>\u00bfQu\u00e9 es ajuste al consumo?<\/h2><p><span style=\"font-weight: 400;\">Te queremos brindar informaci\u00f3n sobre el concepto de ajuste de consumo en tu factura, el cual se asocia al consumo promedio realizado entre el 21 de marzo y 3 de abril de 2020, tiempo en el cual no se cumplieron lecturas en campo con motivo del confinamiento regional y nacional dado por la emergencia sanitaria Coronavirus COVID19. Debes saber que ya se realizan lecturas en campo y que los cambios en tu factura tambi\u00e9n pueden estar asociado a nuevos h\u00e1bitos de consumo. Si quieres reportar una PQR (peticiones, quejas y reclamos), debes ingresar al chat en l\u00ednea que est\u00e1 en servicio web para que quede registrada.<\/span><\/p><p><span style=\"font-weight: 400;\">Efigas est\u00e1 comprometida con la seguridad y continuidad del servicio para garantizar bienestar para ti y tu familia.<\/span><\/p>\t\t\t\t\t\t\t\t<\/div>\n\t\t\t\t<\/div>\n\t\t\t\t\t<\/div>\n\t\t\t\t<\/div>\n\t\t\t\t<\/div>\n\t\t","protected":false},"excerpt":{"rendered":"<p>\u00bfQu\u00e9 es ajuste al consumo? Te queremos brindar informaci\u00f3n sobre el concepto de ajuste de consumo en tu factura, el cual se asocia al consumo promedio realizado entre el 21 de marzo y 3 de abril de 2020, tiempo en el cual no se cumplieron lecturas en campo con motivo del confinamiento regional y nacional [&hellip;]<\/p>\n","protected":false},"author":1,"featured_media":0,"parent":0,"menu_order":0,"comment_status":"closed","ping_status":"closed","template":"","meta":{"inline_featured_image":false,"footnotes":""},"categories":[],"tags":[],"class_list":["post-909","page","type-page","status-publish","hentry"],"yoast_head":"\n<title>Ajuste al consumo - Efigas S.A. E.S.P.<\/title>\n<meta name=\"robots\" content=\"index, follow, max-snippet:-1, max-image-preview:large, max-video-preview:-1\" \/>\n<link rel=\"canonical\" href=\"https:\/\/www.efigas.com.co\/ajuste-al-consumo\/\" \/>\n<meta property=\"og:locale\" content=\"es_ES\" \/>\n<meta property=\"og:type\" content=\"article\" \/>\n<meta property=\"og:title\" content=\"Ajuste al consumo - Efigas S.A. E.S.P.\" \/>\n<meta property=\"og:description\" content=\"\u00bfQu\u00e9 es ajuste al consumo? Te queremos brindar informaci\u00f3n sobre el concepto de ajuste de consumo en tu factura, el cual se asocia al consumo promedio realizado entre el 21 de marzo y 3 de abril de 2020, tiempo en el cual no se cumplieron lecturas en campo con motivo del confinamiento regional y nacional [&hellip;]\" \/>\n<meta property=\"og:url\" content=\"https:\/\/www.efigas.com.co\/ajuste-al-consumo\/\" \/>\n<meta property=\"og:site_name\" content=\"Efigas S.A. E.S.P.\" \/>\n<meta property=\"article:publisher\" content=\"https:\/\/www.facebook.com\/efigasoficial\/\" \/>\n<meta property=\"article:modified_time\" content=\"2023-12-28T02:10:58+00:00\" \/>\n<meta property=\"og:image\" content=\"https:\/\/www.efigas.com.co\/ef_resources\/2024\/02\/banner-sostenibilidad-febrero.jpg\" \/>\n\t<meta property=\"og:image:width\" content=\"2480\" \/>\n\t<meta property=\"og:image:height\" content=\"1240\" \/>\n\t<meta property=\"og:image:type\" content=\"image\/jpeg\" \/>\n<meta name=\"twitter:card\" content=\"summary_large_image\" \/>\n<meta name=\"twitter:site\" content=\"@efigas_oficial\" \/>\n<script type=\"application\/ld+json\" class=\"efiseo-schema-graph\">{\"@context\":\"https:\/\/schema.org\",\"@graph\":[{\"@type\":\"WebPage\",\"@id\":\"https:\/\/www.efigas.com.co\/ajuste-al-consumo\/\",\"url\":\"https:\/\/www.efigas.com.co\/ajuste-al-consumo\/\",\"name\":\"Ajuste al consumo - Efigas S.A. E.S.P.\",\"isPartOf\":{\"@id\":\"https:\/\/www.efigas.com.co\/#website\"},\"datePublished\":\"2023-12-28T02:10:07+00:00\",\"dateModified\":\"2023-12-28T02:10:58+00:00\",\"breadcrumb\":{\"@id\":\"https:\/\/www.efigas.com.co\/ajuste-al-consumo\/#breadcrumb\"},\"inLanguage\":\"es\",\"potentialAction\":[{\"@type\":\"ReadAction\",\"target\":[\"https:\/\/www.efigas.com.co\/ajuste-al-consumo\/\"]}]},{\"@type\":\"BreadcrumbList\",\"@id\":\"https:\/\/www.efigas.com.co\/ajuste-al-consumo\/#breadcrumb\",\"itemListElement\":[{\"@type\":\"ListItem\",\"position\":1,\"name\":\"Inicio\",\"item\":\"https:\/\/www.efigas.com.co\/\"},{\"@type\":\"ListItem\",\"position\":2,\"name\":\"Ajuste al consumo\"}]},{\"@type\":\"WebSite\",\"@id\":\"https:\/\/www.efigas.com.co\/#website\",\"url\":\"https:\/\/www.efigas.com.co\/\",\"name\":\"Efigas S.A. E.S.P.\",\"description\":\"Distribuidora de gas natural en el eje cafetero, Caldas, Quind\u00edo, Risaralda, servicio de   instalaci\u00f3n y reparaci\u00f3n de estufas de gas, cambio de   medidores de gas   natural, construcci\u00f3n de redes de gas natural, servicio de instalaci\u00f3n y reparaci\u00f3n de   calentadores de gas, servicio de Revisi\u00f3n T\u00e9cnica Reglamentaria.\",\"publisher\":{\"@id\":\"https:\/\/www.efigas.com.co\/#organization\"},\"alternateName\":\"Efigas\",\"potentialAction\":[{\"@type\":\"SearchAction\",\"target\":{\"@type\":\"EntryPoint\",\"urlTemplate\":\"https:\/\/www.efigas.com.co\/?s={search_term_string}\"},\"query-input\":{\"@type\":\"PropertyValueSpecification\",\"valueRequired\":true,\"valueName\":\"search_term_string\"}}],\"inLanguage\":\"es\"},{\"@type\":\"Organization\",\"@id\":\"https:\/\/www.efigas.com.co\/#organization\",\"name\":\"Efigas S.A. E.S.P.\",\"alternateName\":\"Efigas\",\"url\":\"https:\/\/www.efigas.com.co\/\",\"logo\":{\"@type\":\"ImageObject\",\"inLanguage\":\"es\",\"@id\":\"https:\/\/www.efigas.com.co\/#\/schema\/logo\/image\/\",\"url\":\"https:\/\/www.efigas.com.co\/ef_resources\/2023\/12\/logo-efigas-negativo.svg\",\"contentUrl\":\"https:\/\/www.efigas.com.co\/ef_resources\/2023\/12\/logo-efigas-negativo.svg\",\"width\":225,\"height\":123,\"caption\":\"Efigas S.A. E.S.P.\"},\"image\":{\"@id\":\"https:\/\/www.efigas.com.co\/#\/schema\/logo\/image\/\"},\"sameAs\":[\"https:\/\/www.facebook.com\/efigasoficial\/\",\"https:\/\/x.com\/efigas_oficial\",\"https:\/\/www.linkedin.com\/company\/efigas\/\"]}]}<\/script>\n","yoast_head_json":{"title":"Ajuste al consumo - Efigas S.A. E.S.P.","robots":{"index":"index","follow":"follow","max-snippet":"max-snippet:-1","max-image-preview":"max-image-preview:large","max-video-preview":"max-video-preview:-1"},"canonical":"https:\/\/www.efigas.com.co\/ajuste-al-consumo\/","og_locale":"es_ES","og_type":"article","og_title":"Ajuste al consumo - Efigas S.A. E.S.P.","og_description":"\u00bfQu\u00e9 es ajuste al consumo? Te queremos brindar informaci\u00f3n sobre el concepto de ajuste de consumo en tu factura, el cual se asocia al consumo promedio realizado entre el 21 de marzo y 3 de abril de 2020, tiempo en el cual no se cumplieron lecturas en campo con motivo del confinamiento regional y nacional [&hellip;]","og_url":"https:\/\/www.efigas.com.co\/ajuste-al-consumo\/","og_site_name":"Efigas S.A. E.S.P.","article_publisher":"https:\/\/www.facebook.com\/efigasoficial\/","article_modified_time":"2023-12-28T02:10:58+00:00","og_image":[{"width":2480,"height":1240,"url":"https:\/\/www.efigas.com.co\/ef_resources\/2024\/02\/banner-sostenibilidad-febrero.jpg","type":"image\/jpeg"}],"twitter_card":"summary_large_image","twitter_site":"@efigas_oficial","schema":{"@context":"https:\/\/schema.org","@graph":[{"@type":"WebPage","@id":"https:\/\/www.efigas.com.co\/ajuste-al-consumo\/","url":"https:\/\/www.efigas.com.co\/ajuste-al-consumo\/","name":"Ajuste al consumo - Efigas S.A. E.S.P.","isPartOf":{"@id":"https:\/\/www.efigas.com.co\/#website"},"datePublished":"2023-12-28T02:10:07+00:00","dateModified":"2023-12-28T02:10:58+00:00","breadcrumb":{"@id":"https:\/\/www.efigas.com.co\/ajuste-al-consumo\/#breadcrumb"},"inLanguage":"es","potentialAction":[{"@type":"ReadAction","target":["https:\/\/www.efigas.com.co\/ajuste-al-consumo\/"]}]},{"@type":"BreadcrumbList","@id":"https:\/\/www.efigas.com.co\/ajuste-al-consumo\/#breadcrumb","itemListElement":[{"@type":"ListItem","position":1,"name":"Inicio","item":"https:\/\/www.efigas.com.co\/"},{"@type":"ListItem","position":2,"name":"Ajuste al consumo"}]},{"@type":"WebSite","@id":"https:\/\/www.efigas.com.co\/#website","url":"https:\/\/www.efigas.com.co\/","name":"Efigas S.A. E.S.P.","description":"Distribuidora de gas natural en el eje cafetero, Caldas, Quind\u00edo, Risaralda, servicio de   instalaci\u00f3n y reparaci\u00f3n de estufas de gas, cambio de   medidores de gas   natural, construcci\u00f3n de redes de gas natural, servicio de instalaci\u00f3n y reparaci\u00f3n de   calentadores de gas, servicio de Revisi\u00f3n T\u00e9cnica Reglamentaria.","publisher":{"@id":"https:\/\/www.efigas.com.co\/#organization"},"alternateName":"Efigas","potentialAction":[{"@type":"SearchAction","target":{"@type":"EntryPoint","urlTemplate":"https:\/\/www.efigas.com.co\/?s={search_term_string}"},"query-input":{"@type":"PropertyValueSpecification","valueRequired":true,"valueName":"search_term_string"}}],"inLanguage":"es"},{"@type":"Organization","@id":"https:\/\/www.efigas.com.co\/#organization","name":"Efigas S.A. E.S.P.","alternateName":"Efigas","url":"https:\/\/www.efigas.com.co\/","logo":{"@type":"ImageObject","inLanguage":"es","@id":"https:\/\/www.efigas.com.co\/#\/schema\/logo\/image\/","url":"https:\/\/www.efigas.com.co\/ef_resources\/2023\/12\/logo-efigas-negativo.svg","contentUrl":"https:\/\/www.efigas.com.co\/ef_resources\/2023\/12\/logo-efigas-negativo.svg","width":225,"height":123,"caption":"Efigas S.A. E.S.P."},"image":{"@id":"https:\/\/www.efigas.com.co\/#\/schema\/logo\/image\/"},"sameAs":["https:\/\/www.facebook.com\/efigasoficial\/","https:\/\/x.com\/efigas_oficial","https:\/\/www.linkedin.com\/company\/efigas\/"]}]}},"_links":{"self":[{"href":"https:\/\/www.efigas.com.co\/efi-json\/wp\/v2\/pages\/909","targetHints":{"allow":["GET"]}}],"collection":[{"href":"https:\/\/www.efigas.com.co\/efi-json\/wp\/v2\/pages"}],"about":[{"href":"https:\/\/www.efigas.com.co\/efi-json\/wp\/v2\/types\/page"}],"author":[{"embeddable":true,"href":"https:\/\/www.efigas.com.co\/efi-json\/wp\/v2\/users\/1"}],"replies":[{"embeddable":true,"href":"https:\/\/www.efigas.com.co\/efi-json\/wp\/v2\/comments?post=909"}],"version-history":[{"count":4,"href":"https:\/\/www.efigas.com.co\/efi-json\/wp\/v2\/pages\/909\/revisions"}],"predecessor-version":[{"id":913,"href":"https:\/\/www.efigas.com.co\/efi-json\/wp\/v2\/pages\/909\/revisions\/913"}],"wp:attachment":[{"href":"https:\/\/www.efigas.com.co\/efi-json\/wp\/v2\/media?parent=909"}],"wp:term":[{"taxonomy":"category","embeddable":true,"href":"https:\/\/www.efigas.com.co\/efi-json\/wp\/v2\/categories?post=909"},{"taxonomy":"post_tag","embeddable":true,"href":"https:\/\/www.efigas.com.co\/efi-json\/wp\/v2\/tags?post=909"}],"curies":[{"name":"wp","href":"https:\/\/api.w.org\/{rel}","templated":true}]}}

<div data-elementor-type="efi-page" data-elementor-id="909" class="elementor elementor-909" data-elementor-settings="{&quot;ha_cmc_init_switcher&quot;:&quot;no&quot;}" data-elementor-post-type="page">
				<div class="elementor-element elementor-element-c02b125 e-flex e-con-boxed e-con e-parent" data-id="c02b125" data-element_type="container" data-settings="{&quot;_ha_eqh_enable&quot;:false}">
					<div class="e-con-inner">
				<div class="elementor-element elementor-element-384cd0e elementor-widget elementor-widget-text-editor" data-id="384cd0e" data-element_type="widget" data-widget_type="text-editor.default">
				<div class="elementor-widget-container">
									<h2>¿Qué es ajuste al consumo?</h2><p><span style="font-weight: 400;">Te queremos brindar información sobre el concepto de ajuste de consumo en tu factura, el cual se asocia al consumo promedio realizado entre el 21 de marzo y 3 de abril de 2020, tiempo en el cual no se cumplieron lecturas en campo con motivo del confinamiento regional y nacional dado por la emergencia sanitaria Coronavirus COVID19. Debes saber que ya se realizan lecturas en campo y que los cambios en tu factura también pueden estar asociado a nuevos hábitos de consumo. Si quieres reportar una PQR (peticiones, quejas y reclamos), debes ingresar al chat en línea que está en servicio web para que quede registrada.</span></p><p><span style="font-weight: 400;">Efigas está comprometida con la seguridad y continuidad del servicio para garantizar bienestar para ti y tu familia.</span></p>								</div>
				</div>
					</div>
				</div>
				</div>

<p>¿Qué es ajuste al consumo? Te queremos brindar información sobre el concepto de ajuste de consumo en tu factura, el cual se asocia al consumo promedio realizado entre el 21 de marzo y 3 de abril de 2020, tiempo en el cual no se cumplieron lecturas en campo con motivo del confinamiento regional y nacional [&hellip;]</p>

<title>Ajuste al consumo - Efigas S.A. E.S.P.</title>
<meta name="robots" content="index, follow, max-snippet:-1, max-image-preview:large, max-video-preview:-1" />
<link rel="canonical" href="https://www.efigas.com.co/ajuste-al-consumo/" />
<meta property="og:locale" content="es_ES" />
<meta property="og:type" content="article" />
<meta property="og:title" content="Ajuste al consumo - Efigas S.A. E.S.P." />
<meta property="og:description" content="¿Qué es ajuste al consumo? Te queremos brindar información sobre el concepto de ajuste de consumo en tu factura, el cual se asocia al consumo promedio realizado entre el 21 de marzo y 3 de abril de 2020, tiempo en el cual no se cumplieron lecturas en campo con motivo del confinamiento regional y nacional [&hellip;]" />
<meta property="og:url" content="https://www.efigas.com.co/ajuste-al-consumo/" />
<meta property="og:site_name" content="Efigas S.A. E.S.P." />
<meta property="article:publisher" content="https://www.facebook.com/efigasoficial/" />
<meta property="article:modified_time" content="2023-12-28T02:10:58+00:00" />
<meta property="og:image" content="https://www.efigas.com.co/ef_resources/2024/02/banner-sostenibilidad-febrero.jpg" />
	<meta property="og:image:width" content="2480" />
	<meta property="og:image:height" content="1240" />
	<meta property="og:image:type" content="image/jpeg" />
<meta name="twitter:card" content="summary_large_image" />
<meta name="twitter:site" content="@efigas_oficial" />
<script type="application/ld+json" class="efiseo-schema-graph">{"@context":"https://schema.org","@graph":[{"@type":"WebPage","@id":"https://www.efigas.com.co/ajuste-al-consumo/","url":"https://www.efigas.com.co/ajuste-al-consumo/","name":"Ajuste al consumo - Efigas S.A. E.S.P.","isPartOf":{"@id":"https://www.efigas.com.co/#website"},"datePublished":"2023-12-28T02:10:07+00:00","dateModified":"2023-12-28T02:10:58+00:00","breadcrumb":{"@id":"https://www.efigas.com.co/ajuste-al-consumo/#breadcrumb"},"inLanguage":"es","potentialAction":[{"@type":"ReadAction","target":["https://www.efigas.com.co/ajuste-al-consumo/"]}]},{"@type":"BreadcrumbList","@id":"https://www.efigas.com.co/ajuste-al-consumo/#breadcrumb","itemListElement":[{"@type":"ListItem","position":1,"name":"Inicio","item":"https://www.efigas.com.co/"},{"@type":"ListItem","position":2,"name":"Ajuste al consumo"}]},{"@type":"WebSite","@id":"https://www.efigas.com.co/#website","url":"https://www.efigas.com.co/","name":"Efigas S.A. E.S.P.","description":"Distribuidora de gas natural en el eje cafetero, Caldas, Quindío, Risaralda, servicio de   instalación y reparación de estufas de gas, cambio de   medidores de gas   natural, construcción de redes de gas natural, servicio de instalación y reparación de   calentadores de gas, servicio de Revisión Técnica Reglamentaria.","publisher":{"@id":"https://www.efigas.com.co/#organization"},"alternateName":"Efigas","potentialAction":[{"@type":"SearchAction","target":{"@type":"EntryPoint","urlTemplate":"https://www.efigas.com.co/?s={search_term_string}"},"query-input":{"@type":"PropertyValueSpecification","valueRequired":true,"valueName":"search_term_string"}}],"inLanguage":"es"},{"@type":"Organization","@id":"https://www.efigas.com.co/#organization","name":"Efigas S.A. E.S.P.","alternateName":"Efigas","url":"https://www.efigas.com.co/","logo":{"@type":"ImageObject","inLanguage":"es","@id":"https://www.efigas.com.co/#/schema/logo/image/","url":"https://www.efigas.com.co/ef_resources/2023/12/logo-efigas-negativo.svg","contentUrl":"https://www.efigas.com.co/ef_resources/2023/12/logo-efigas-negativo.svg","width":225,"height":123,"caption":"Efigas S.A. E.S.P."},"image":{"@id":"https://www.efigas.com.co/#/schema/logo/image/"},"sameAs":["https://www.facebook.com/efigasoficial/","https://x.com/efigas_oficial","https://www.linkedin.com/company/efigas/"]}]}</script>

¿Qué es ajuste al consumo? Te queremos brindar información sobre el concepto de ajuste de consumo en tu factura, el cual se asocia al consumo promedio realizado entre el 21 de marzo y 3 de abril de 2020, tiempo en el cual no se cumplieron lecturas en campo con motivo del confinamiento regional y nacional [&hellip;]

Distribuidora de gas natural en el eje cafetero, Caldas, Quindío, Risaralda, servicio de   instalación y reparación de estufas de gas, cambio de   medidores de gas   natural, construcción de redes de gas natural, servicio de instalación y reparación de   calentadores de gas, servicio de Revisión Técnica Reglamentaria.
